he prime factors of 6747265.
5, 7, 263, 733
List the prime factors of 10268852.
2, 11, 419, 557
What are the prime factors of 419893?
419893
List the prime factors of 1168245.
3, 5, 13, 1997
What are the prime factors of 358393?
7, 51199
List the prime factors of 203321.
203321
What are the prime factors of 4966690?
2, 5, 496669
List the prime factors of 420848.
2, 29, 907
What are the prime factors of 4054460?
2, 5, 37, 5479
List the prime factors of 16193937.
3, 5397979
List the prime factors of 662375.
5, 7, 757
List the prime factors of 214971.
3, 131, 547
List the prime factors of 1377240.
2, 3, 5, 23, 499
List the prime factors of 717104.
2, 44819
List the prime factors of 805956.
2, 3, 47, 1429
List the prime factors of 29211014.
2, 7, 2086501
What are the prime factors of 78296?
2, 9787
What are the prime factors of 1667816?
2, 163, 1279
What are the prime factors of 3043306?
2, 7, 17, 19, 673
What are the prime factors of 444981?
3, 23, 6449
What are the prime factors of 154422?
2, 3, 23, 373
What are the prime factors of 1188071?
1188071
What are the prime factors of 46896?
2, 3, 977
List the prime factors of 12037125.
3, 5, 32099
List the prime factors of 24653352.
2, 3, 1027223
List the prime factors of 4221582.
2, 3, 821, 857
What are the prime factors of 5560604?
2, 7, 198593
List the prime factors of 25747899.
3, 67, 128099
What are the prime factors of 11484688?
2, 199, 3607
What are the prime factors of 19334272?
2, 151049
List the prime factors of 11188055.
5, 19, 29, 31, 131
List the prime factors of 13319934.
2, 3, 349, 6361
What are the prime factors of 2542747?
47, 54101
What are the prime factors of 7182489?
3, 2394163
List the prime factors of 5999249.
17, 359, 983
List the prime factors of 1395426.
2, 3, 232571
List the prime factors of 6883304.
2, 860413
What are the prime factors of 162185?
5, 163, 199
What are the prime factors of 2622187?
661, 3967
What are the prime factors of 14329?
7, 23, 89
What are the prime factors of 363550?
2, 5, 11, 661
What are the prime factors of 750145?
5, 11, 23, 593
What are the prime factors of 12383706?
2, 3, 19, 23, 4723
List the prime factors of 458673.
3, 47, 3253
List the prime factors of 5003084.
2, 1250771
List the prime factors of 1120489.
41, 27329
List the prime factors of 1356199.
13, 104323
List the prime factors of 451622.
2, 17, 37, 359
What are the prime factors of 1322372?
2, 311, 1063
List the prime factors of 14751885.
3, 5, 19, 191, 271
What are the prime factors of 8513098?
2, 11, 379, 1021
What are the prime factors of 2712146?
2, 17, 79769
What are the prime factors of 1456893?
3, 53959
List the prime factors of 148338.
2, 3, 41, 67
What are the prime factors of 4819629?
3, 1606543
List the prime factors of 474198.
2, 3, 17, 4649
List the prime factors of 252738.
2, 3, 19, 739
What are the prime factors of 133035?
3, 5, 7, 181
What are the prime factors of 11408632?
2, 17, 149, 563
What are the prime factors of 942939?
3, 17, 6163
What are the prime factors of 700905?
3, 5, 46727
List the prime factors of 2022659.
2022659
List the prime factors of 2171504.
2, 135719
List the prime factors of 475308.
2, 3, 163
List the prime factors of 836199.
3, 7, 13, 1021
What are the prime factors of 457996?
2, 7, 11, 1487
What are the prime factors of 978633?
3, 19, 59, 97
List the prime factors of 878879.
131, 6709
What are the prime factors of 25745941?
13, 307, 6451
What are the prime factors of 1003675?
5, 19, 2113
List the prime factors of 7714299.
3, 191, 13463
What are the prime factors of 1432466?
2, 7, 47, 311
List the prime factors of 483148.
2, 43, 53
What are the prime factors of 12969645?
3, 5, 13, 227, 293
What are the prime factors of 11207651?
7, 13, 79, 1559
List the prime factors of 155870.
2, 5, 11, 13, 109
List the prime factors of 808106.
2, 13, 31081
What are the prime factors of 311017?
7, 157, 283
What are the prime factors of 3002168?
2, 13, 28867
What are the prime factors of 379067?
13, 2243
What are the prime factors of 6440884?
2, 43, 37447
What are the prime factors of 520718?
2, 11, 23669
List the prime factors of 541521.
3, 60169
List the prime factors of 24679035.
3, 5, 548423
What are the prime factors of 464537?
464537
List the prime factors of 6196041.
3, 17, 13499
What are the prime factors of 566652?
2, 3, 47221
List the prime factors of 1810215.
3, 5, 11, 23, 53
What are the prime factors of 30080?
2, 5, 47
What are the prime factors of 12658529?
13, 29, 33577
List the prime factors of 18545954.
2, 7, 37, 35803
What are the prime factors of 2378776?
2, 17, 17491
List the prime factors of 325532.
2, 97, 839
What are the prime factors of 1249713?
3, 191, 727
List the prime factors of 14285833.
449, 31817
What are the prime factors of 536071?
661, 811
What are the prime factors of 739837?
7, 105691
List the prime factors of 6148409.
6148409
List the prime factors of 281629.
41, 6869
What are the prime factors of 5916274?
2, 7, 13, 32507
What are the prime factors of 1992624?
2, 3, 41513
What are the prime factors of 907209?
3, 100801
What are the prime factors of 2451634?
2, 1225817
List the prime factors of 34661168.
2, 19, 113, 1009
List the prime factors of 1963795.
5, 392759
List the prime factors of 515710.
2, 5, 13, 3967
What are the prime factors of 2293800?
2, 3, 5, 3823
What are the prime factors of 12739444?
2, 47, 67763
List the prime factors of 2464595.
5, 7, 67, 1051
List the prime factors of 288181.
288181
List the prime factors of 261817.
17, 15401
List the prime factors of 17267375.
5, 138139
What are the prime factors of 5587436?
2, 23, 60733
What are the prime factors of 77441?
7, 13, 23, 37
List the prime factors of 601788.
2, 3, 11, 47, 97
What are the prime factors of 155168?
2, 13, 373
List the prime factors of 11585740.
2, 5, 579287
What are the prime factors of 1518908?
2, 379727
List the prime factors of 185493.
3, 7, 11, 73
List the prime factors of 573106.
2, 286553
What are the prime factors of 26501?
26501
List the prime factors of 241740.
2, 3, 5, 17, 79
List the prime factors of 1184415.
3, 5, 281
List the prime factors of 2304836.
2, 233, 2473
List the prime factors of 8278720.
2, 5, 41, 631
What are the prime factors of 215517?
3, 19, 199
List the prime factors of 359663.
359663
List the prime factors of 296634.
2, 3, 13, 3803
List the prime factors of 516367.
31, 16657
List the prime factors of 1017331.
7, 17, 83, 103
List the prime factors of 19184576.
2, 23, 13033
List the prime factors of 389733.
3, 163, 797
List the prime factors of 554252.
2, 138563
List the prime factors of 305469.
3, 33941
List the prime factors of 223033.
271, 823
List the prime factors of 1756991.
1756991
What are the prime factors of 9383124?
2, 3, 29, 59, 457
List the prime factors of 16527641.
13, 37, 34361
What are the prime factors of 448754?
2, 59, 3803
List the prime factors of 19170389.
7, 43, 63689
What are the prime factors of 148942?
2, 74471
List the prime factors of 7483240.
2, 5, 187081
What are the prime factors of 21674556?
2, 3, 23, 26177
What are the prime factors of 1512757?
241, 6277
What are the prime factors of 1621512?
2, 3, 7507
What are the prime factors of 2012200?
2, 5, 10061
List the prime factors of 285880.
2, 5, 7, 1021
List the prime factors of 25476392.
2, 3184549
List the prime factors of 1810846.
2, 61, 14843
List the prime factors of 339600.
2, 3, 5, 283
List the prime factors of 3824493.
3, 103, 12377
What are the prime factors of 554549?
97, 5717
List the prime factors of 4216.
2, 17, 31
List the prime factors of 138046.
2, 23, 3001
List the prime factors of 1649674.
2, 13, 67, 947
List the prime factors of 1441296.
2, 3, 10009
List the prime factors of 7306367.
7306367
What are the prime factors of 5028240?
2, 3, 5, 7, 41, 73
What are the prime factors of 3273982?
2, 37, 151, 293
List the prime factors of 674310.
2, 3, 5, 7, 13, 19
What are the prime factors of 3616791?
3, 47, 113, 227
What are the prime factors of 1054453?
617, 1709
List the prime factors of 1958858.
2, 11, 269, 331
List the prime factors of 322118.
2, 161059
List the prime factors of 12313.
7, 1759
What are the prime factors of 113755?
5, 22751
What are the prime factors of 4534914?
2, 3, 271, 2789
List the prime facto